{"id":13351,"date":"2024-09-05T15:58:23","date_gmt":"2024-09-05T15:58:23","guid":{"rendered":"http:\/\/www.ckmtakimdolabi.com\/?post_type=product&#038;p=13351"},"modified":"2024-09-05T15:58:31","modified_gmt":"2024-09-05T15:58:31","slug":"ckm-ttr4415-calisma-masasi-1-5-mt-4-cekmece-2","status":"publish","type":"product","link":"https:\/\/www.ckmtakimdolabi.com\/?product=ckm-ttr4415-calisma-masasi-1-5-mt-4-cekmece-2","title":{"rendered":"Ckm TTR4415 \u2013 \u00c7al\u0131\u015fma Masas\u0131 1.5 Mt 4 \u00c7ekmece"},"content":{"rendered":"<p data-sourcepos=\"15:1-15:22\"><strong>Teknik \u00d6zellikler:<\/strong><\/p>\r\n\r\n<ul data-sourcepos=\"17:1-18:14\">\r\n \t<li data-sourcepos=\"17:1-17:25\">Masa Geni\u015fli\u011fi: 1500 mm<\/li>\r\n \t<li data-sourcepos=\"18:1-18:14\">Derinlik: 670 mm<\/li>\r\n \t<li data-sourcepos=\"19:1-19:20\">Y\u00fckseklik: 1770 mm<\/li>\r\n \t<li data-sourcepos=\"20:1-20:33\">Masa Tablas\u0131 Y\u00fcksekli\u011fi: 870 mm<\/li>\r\n \t<li data-sourcepos=\"21:1-21:57\">\u00dcst Tabla: 18 mm MDF, \u00dczeri 0.8 mm Galvaniz Sac Kaplama<\/li>\r\n \t<li data-sourcepos=\"22:1-22:39\">\u00c7ekmece Adet ve \u00d6l\u00e7\u00fcs\u00fc: 4 ad x 100 mm<\/li>\r\n \t<li data-sourcepos=\"23:1-23:44\">\u00c7ekmece Ray Sistemi: Teleskopik \/ Mandall\u0131<\/li>\r\n \t<li data-sourcepos=\"24:1-24:19\">Led Lamba: 1 Adet<\/li>\r\n \t<li data-sourcepos=\"25:1-25:26\">Elektrik D\u00fc\u011fmesi: 1 Adet<\/li>\r\n \t<li data-sourcepos=\"26:1-26:23\">Asma Kancas\u0131: 30 Adet<\/li>\r\n \t<li data-sourcepos=\"27:1-27:22\">Tornavidal\u0131k: 1 Adet<\/li>\r\n \t<li data-sourcepos=\"28:1-28:20\">Anahtarl\u0131k: 1 Adet<\/li>\r\n \t<li data-sourcepos=\"29:1-30:0\">Net A\u011f\u0131rl\u0131k: 91 kg<\/li>\r\n<\/ul>","protected":false},"excerpt":{"rendered":"<p><strong>Ckm TTR4415\u00a0<\/strong> : \u00c7al\u0131\u015fma Masas\u0131 1.5 mt 4 \u00c7ekmece<\/p>\n","protected":false},"featured_media":13394,"template":"","meta":{"_acf_changed":false},"product_brand":[],"product_cat":[32],"product_tag":[],"class_list":{"0":"post-13351","1":"product","2":"type-product","3":"status-publish","4":"has-post-thumbnail","6":"product_cat-calisma-tezgahlari","8":"first","9":"instock","10":"shipping-taxable","11":"product-type-simple"},"acf":[],"_links":{"self":[{"href":"https:\/\/www.ckmtakimdolabi.com\/index.php?rest_route=\/wp\/v2\/product\/13351","targetHints":{"allow":["GET"]}}],"collection":[{"href":"https:\/\/www.ckmtakimdolabi.com\/index.php?rest_route=\/wp\/v2\/product"}],"about":[{"href":"https:\/\/www.ckmtakimdolabi.com\/index.php?rest_route=\/wp\/v2\/types\/product"}],"version-history":[{"count":0,"href":"https:\/\/www.ckmtakimdolabi.com\/index.php?rest_route=\/wp\/v2\/product\/13351\/revisions"}],"wp:featuredmedia":[{"embeddable":true,"href":"https:\/\/www.ckmtakimdolabi.com\/index.php?rest_route=\/wp\/v2\/media\/13394"}],"wp:attachment":[{"href":"https:\/\/www.ckmtakimdolabi.com\/index.php?rest_route=%2Fwp%2Fv2%2Fmedia&parent=13351"}],"wp:term":[{"taxonomy":"product_brand","embeddable":true,"href":"https:\/\/www.ckmtakimdolabi.com\/index.php?rest_route=%2Fwp%2Fv2%2Fproduct_brand&post=13351"},{"taxonomy":"product_cat","embeddable":true,"href":"https:\/\/www.ckmtakimdolabi.com\/index.php?rest_route=%2Fwp%2Fv2%2Fproduct_cat&post=13351"},{"taxonomy":"product_tag","embeddable":true,"href":"https:\/\/www.ckmtakimdolabi.com\/index.php?rest_route=%2Fwp%2Fv2%2Fproduct_tag&post=13351"}],"curies":[{"name":"wp","href":"https:\/\/api.w.org\/{rel}","templated":true}]}}